lue of -1 - (1 - (3 - 9))?
-8
Evaluate 3 + -1 - (2 + -1 + -4).
5
-1 + 0 + -3 + (6 - 7)
-5
What is the value of -3 - (-1 - (-4 - -8))?
2
Evaluate 1 + -2 - 0 - -2.
1
Evaluate -4 - (-2 + -5) - -4.
7
What is the value of (-2 - (-3 - (6 + -4))) + -3?
0
Calculate (-4 - -1) + 0 + 4.
1
11 - (-1 - (-4 + (-3 - 0)))
5
Calculate 7 - (4 + -11 + 19).
-5
What is the value of 2 - (2 - (1 + 10 + -5))?
6
What is the value of -1 + 8 + (-2 - -1) - 1?
5
Calculate (3 - (4 - -2) - -3) + 0.
0
(2 - -1) + -7 + 3 - -1
0
-3 - (1 + (-3 - -3) + 0)
-4
What is 1 + 4 + -3 + 1 + -3?
0
Evaluate -4 - ((-6 - -2) + (10 - 3)).
-7
44 - 36 - (14 - 3)
-3
Evaluate (6 - 9) + (2 - (2 - 3)).
0
What is -9 + 15 + 0 + (-1 - 12)?
-7
0 - -1 - (5 + -12 + 8)
0
-15 - -8 - 1 - (2 + -7)
-3
Evaluate (-7 - -14) + -6 - (-10 + 1).
10
What is -1 + 1 + -14 + 15?
1
What is (1 - 1) + -7 + (1 - -4)?
-2
Evaluate 17 + 1 + -12 + -3.
3
(-6 - -8) + 2 + -1 + 0
3
What is the value of 0 + 4 - (-16 - -19)?
1
Calculate -15 + 12 - (-1 - -3).
-5
What is -1 + 10 + -4 + -9?
-4
(2 - 0) + (11 - 9)
4
What is 16 - 8 - (-4 + 12)?
0
-2 + (9 - 10) + -2 + 1
-4
What is (-4 - -8) + -3 + -2?
-1
Evaluate 5 + (6 - (-2 - -12)).
1
Evaluate 1 + -3 + (9 - (-6 + 9)).
4
What is 23 + -23 + (-1 + 0 - 2)?
-3
What is the value of (6 - 11 - 2) + 3 + -1?
-5
What is the value of 5 - ((11 - 1) + -1)?
-4
Evaluate 14 + -5 + 7 + -10.
6
What is the value of 12 + -4 + -13 - (-2 - 3)?
0
Calculate (4 - (4 - 7)) + -6.
1
Evaluate -1 - (4 - 0 - 10).
5
What is (-25 - (7 + -20)) + 14?
2
What is the value of (16 + 3 - -2) + -11?
10
Calculate (10 - -1) + (-51 - -32).
-8
What is the value of -9 + 3 + (0 - -1)?
-5
What is -5 + -1 + 1 + 10 + 1?
6
2 + (-3 - 3) + 2 + 3
1
Evaluate (-1 - (2 + -5)) + -4 - -6.
4
What is the value of 10 - 12 - (-2 + -6)?
6
What is -5 - (-6 + -3 - 0)?
4
-2 + 3 - 5 - (1 + -8)
3
Evaluate -9 - (-2 - 9 - 0).
2
What is (-4 - (-1 - (-3 + 2))) + 1?
-3
What is 8 + (-4 - -1) + 1?
6
Calculate 2 - (14 - 11) - 1.
-2
1 - (-4 - -2) - 1
2
1 - (1 - (3 - 0 - -1))
4
Calculate 8 + 6 + -10 + 0.
4
What is the value of (0 - 0) + (-7 - (-9 + 6))?
-4
What is the value of 24 + -28 - (4 - 3)?
-5
Calculate 4 - (-5 - -11 - 2).
0
Calculate -5 + -1 - (10 - 2 - 9).
-5
What is the value of (5 - 5) + 1 + -1?
0
Calculate -72 - -65 - (0 + -1).
-6
Evaluate -3 + 2 - -1 - (-18 - -16).
2
What is the value of 8 + (2 - (0 + (-1 - -5)))?
6
Calculate (-2 - -7 - 18) + 7.
-6
What is the value of 2 + 4 + -3 + -2 - -2?
3
Calculate -2 + (-1 - -2 - (2 - 2)).
-1
Calculate -2 - -4 - (-3 + 8).
-3
What is 3 + (7 - (11 + -7))?
6
What is (-4 - 0) + 7 + -11 + 3?
-5
Calculate -9 + (1 - -4) + 4.
0
Calculate (-16 - -6) + 0 + 4.
-6
What is the value of -3 - (-9 - (1 - 1))?
6
5 + (-1 - (-4 + 6) - 4)
-2
What is -5 + 11 + 3 + -5?
4
2 - (5 + (-2 - -4))
-5
Calculate 2 + (15 - 10) - 11.
-4
Calculate -129 - -123 - ((0 - 2) + -2).
-2
What is 4 - 2 - 4 - -1?
-1
What is -2 + (3 - -2) + -4?
-1
Calculate -2 + (1 + 0 - 4 - -4).
-1
What is -3 + 2 + (-2 + 5 - 1)?
1
What is the value of 11 - (25 - 2) - -6?
-6
What is the value of (0 - (-1 + 0)) + (-4 - -11)?
8
12 + (-2 - -1) + -212 + 206
5
Calculate 2 + (6 - (3 - -1)).
4
1 + 0 - (-3 - -1)
3
What is 0 + -4 + 23 + -21?
-2
Calculate -10 - -3 - (-5 + -2).
0
1 + -5 + (-2 + 1 - -1)
-4
(-3 - -3) + 5 + -4
1
Calculate -22 + 17 + (3 - (6 + -3)).
-5
Evaluate 5 + -9 + 2 + -6 - -9.
1
Evaluate -5 + -37 + 37 + (-2 - -9).
2
(3 - 0) + (-46 - -48) + -3
2
(0 + -1 - (3 + -7)) + -3
0
What is the value of 6 + (0 - 4) - (0 + -1)?
3
Evaluate 0 - (2 + -2 + 3 + 2).
-5
What is -4 + -1 + 8 + -1 + -3?
-1
What is 6 + (-2 - -5) + -11?
-2
What is the value of -2 - (-6 + (3 + -5 - 1))?
7
-5 - (-6 + 2 - (-11 + 12))
0
1 + (-7 - (-5 + -2) - -7)
8
What is the value of 4 + (-12 - 2) + 4?
-6
Evaluate 1 + -2 + (-4 - (-1 + 0)).
-4
What is the value of -6 + (-11 - -6) + 5 - -6?
0
-3 - (7 + -8 + -4 + 1)
1
What is (1 - -1) + -7 + 6 + 3?
4
What is (-2 - 3) + 1 + 3?
-1
Evaluate (17 - 11 - (5 - 2)) + -7.
-4
Calculate (-4 + 18 - 7) + -11.
-4
What is the value of (-72 - -73) + (1 - 0 - 2)?
0
Calculate -9 - 2 - (-32 + 18).
3
What is the value of -5 - (-2 - 0) - (75 - 73)?
-5
Evaluate 2 - (1 + -13 + 7).
7
What is -1 + (4 + -1 - (-10 + 12))?
0
13 - (8 + 2) - 9
-6
Calculate 2 + -11 + (16 - 12) + 5.
0
Calculate -4 - (5 - 7) - -5.
3
Calculate 1 + 2 + -8 + -1 + 3.
-3
Evaluate -9 + 10 + (-2 - -4).
3
Calculate (-1 - -6) + -8 + 6 - 7.
-4
Calculate 1 + -6 - (1 + (3 - 7)).
-2
What is the value of (-14 - -8) + (-8 - -8)?
-6
What is (-8 - -6 - (-9 - -3)) + -9?
-5
Evaluate 5 + -5 + 0 + 1.
1
What is the value of 0 + (-4 - (4 + -6))?
-2
-2 + -1 + 5 + -1 - -1
2
What is the value of (-1 - 2) + 4 + 6 + -8?
-1
Evaluate -6 - (0 + -1 - 0 - 0).
-5
What is -4 + 2 + 10 + (-6 - 2)?
0
What is -5 + (6 - (7 + -1)) + 2?
-3
Evaluate 2 + -1 + (4 - 1) - 8.
-4
Evaluate (-10 - (-26 - -7)) + -10.
-1
Calculate -8 + 0 + 6 - (-1 + 3).
-4
What is the value of 4 - (-3 + 6 + -3)?
4
What is the value of (-6 - -1) + 1 + 3?
-1
-3 - (1 - (-2 + 2))
-4
-8 - -8 - (-2 + -1) - 3
0
What is the value of (-19 - -12) + -2 + 13?
4
Calculate -4 + 4 - -1 - -6 - 10.
-3
-3 + (-1 - -2) + 3
1
Evaluate (-4 - -3 - (-1 + 2)) + 8.
6
Evaluate 18 + (13 - (-7 + 33)).
5
12 + (-18 - (-8 - -9))
-7
What is -1 - (2 - (-2 + 1))?
-4
What is the value of -1 + -2 - (8 + 3 + -8)?
-6
What is (2 - 1) + -4 + 8 + -8?
-3
What is the value of 1 + 0 + -6 + (3 - 2)?
-4
Calculate -2 + -13 + 24 + -10.
-1
(15 - 8) + -2 - 5
0
(-5 - -7) + 2 + -2
2
What is the value of 11 - (7 + (4 - -5))?
-5
What is 0 - (-1 + (1 - 2) + 3)?
-1
What is the value of (-14 - -6 - -13) + -4?
1
What is 6 + -12 + 0 + 7?
1
What is the value of 0 - (-1 + -1 - (24 + -24))?
2
What is the value of (-24 - -13) + 2 + 7?
-2
What is -9 - (-2 - 4 - 0)?
-3
10 - (-1 + 13 - -7)
-9
What is -8 + (10 + -5 - 5 - -3)?
-5
Evaluate 23 + -30 - (1 + 0).
-8
What is the value of -13 + (-6 - (-10 + 0))?
-9
-2 + -4 + 5 + -1 + 1
-1
Evaluate 5 - 3 - (2 + 4 + -6).
2
What is (4 - 2) + -7 + -1 + 9?
3
Evaluate 0 + 1 + -1 + 6 + -8.
-2
Calculate -3 + 2 + -5 + 1.
-5
What is the value of (9 - 4) + -10 + 2?
-3
What is the value of 0 + 1 + 2 + (4 - 3)?
4
What is -2 + 10 + (2 - 5)?
5
Evaluate 7 - (5 + -4 - (12 - 11)).
7
What is the value of 2 + -7 - 5 - -7?
-3
Evaluate (0 + 5 - (-3 - -1)) + -18.
-11
What is 2 + -3 - 5 - (-2 - 0)?
-4
What is the value of -1 + (-7 - (-1 - 5))?
-2
(33 + -10 - 10) + -9
4
What is 1 + -2 + (-7 - -16) + -3?
5
What is the value of 3 - (3 - 9 - -9 - 8)?
8
What is the value of 1 + (-7 + 8 - 0 - -5)?
7
What is the value of (11 - 2) + -20 + 20?
9
Evaluate 1 - (-6 - (2 + -12)).
-3
What is the value of -1 - ((-1 - 0) + 9 + -6)?
-3
Evaluate 1 + 0 - (-1 + -2).
4
What is the value of 8 + -10 - 4 - -3?
-3
Calculate -4 + 5 + 1 - (-7 - -10).
-1
What is the value of 6 + 11 + (-14 - -2)?
5
Calculate 0 + (-3 + -4 - -6).
-1
1 - (2 + -2 + 3 - 3)
1
Calculate (-28 - -24) + (1 - -8) + -4.
1
Calculate -6 - (-7 - -2) - -1.
0
What is (-1 + 4 - 2) + 3 - 2?
2
(-1 - 2) + (-6 - -12)
3
What is 12 - 13 - (-1 - -3 - -2)?
-5
(0 - 1 - 2) + -31 + 34
0
What is 2 + (-3 - 3) - -4?
0
Calculate (0 - 2) + (-1 - -5) - 5.
-3
13 + -9 + -8 + -1 + 7
2
Evaluate (1 - -3) + -12 + -1 + 6.
-3
(1 + 1 - 4) + (4 - 0)
2
18 + -19 - (1 + 0 + -1)
-1
Evaluate 8 - (7 + (0 - 2)).
3
What is the value of 4 + (2 - (-2 + 4))?
4
Evaluate 0 - 4 - (1 - 1).
-4
Calculate -2 + 3 + 1 + -4 - 0.
-2
What is -10 + (5 - 3) + 10?
2
What is the value of -13 + (0 + 10 - 2)?
-5
What is -8 + (3 - 5) + -3 + 2?
-11
What is the value of -12 - (-3 - 11) - -6?
8
What is -2 + 3 + (-2 - 3) + 0?
-4
What is the value of 1 - 8 - (-9 + 1)?
1
Evaluate -3 - (-2 - (3 - 3)).
-1
What is the value of -2 + -2 + -3 + 9 + 2?
4
Evaluate (6 + -4 - 9) + (2 - 0).
-5
What is the value of (-1 - (4 - 3)) + 4?
2
Calculate -5 + 0 + 5 + -1.
-1
Calculate -11 + (4 - -2) + 0.
-5
Calculate 5 + (-5 - (8 + -13) - 3).
2
Calculate -2 + 5 - (2 - -2).
-1
Evaluate (20 - 0) + 11 + -22.
9
2 + -5 - (-5 + (-5 - -16))
-9
What is -2 - -13 - (120 + -113)?
4
Calculate (14 - 8) + -20 - -9.
-5
What is (11 - 5) + 6 + -6?
6
What is the value of 2 + -1 + -2 + -2?
-3
-2 - (9 + (-9 - -4))
-6
1 + 1 - (15 + (12 - 33))
8
Calculate (-4 - (5 + -2 + -9)) + 2.
4
What is (18 - 27) + 6 + -1?
-4
What is the value of 0 + -2 + -1 + (15 - 7)?
5
Evaluate -4 - (4 + -5 + 0 + 0).
-3
W